 7 + 0
0
What is the value of -116 + 113 + (-1 - (-5 - 2))?
3
Calculate 7 - 3 - (4 - -5).
-5
Calculate 11 + -14 + (-1 - -9) - (-19 - 3).
27
Calculate 14 + 11 + -12 - 22.
-9
Calculate -4 - (0 + 9 + -2 - 16).
5
What is the value of -4 - (-11 + 20) - -32 - 4?
15
(62 + -11 - 20) + -47
-16
Calculate 5 - (-14 - (-13 + 5)).
11
Evaluate -4 + (53 + -47 - (3 + -1)) + -1.
-1
What is the value of 10 + -3 + (-16 - 2) + 1 + -2?
-12
Calculate 6 - 1 - (1 + 9 + -3 + -4).
2
Calculate -2 + 4 + 6 + -9 - 7 - -4.
-4
-14 + (-14 - -29) + -16
-15
What is 23 + -24 + (12 - 4)?
7
What is -2 - 18 - (113 + -113)?
-20
-1 - -19 - (64 - (10 + 58))
22
Calculate 11 + -5 + 0 + (-8 + -3 - 30).
-35
4 + 17 + -5 + 22 + -32
6
What is -19 + 9 - (21 - 13)?
-18
Evaluate -8 + 20 + (-8 - 4) - -6.
6
What is -6 + 37 + 3 + -24?
10
What is 7 + (-70 - -68) + 1 + -7?
-1
Calculate -28 + 38 + (-17 - 2).
-9
Evaluate 9 - (2 - (-4 - 4)).
-1
What is the value of 0 + (5 - ((5 + -8 - 2) + 1))?
9
What is the value of 31 - (-4 - (-15 + 7))?
27
-849 - -856 - ((2 - 2) + 29)
-22
What is the value of (-5 + 3 - -9) + -6 + 11 + -5?
7
Calculate 0 - ((2 - 0 - 8) + (64 - 61)).
3
4 + 4 + 1 + (53 - 94) - -3
-29
12 - (8 - -5) - -16 - -12
27
What is the value of -22 + 9 + -3 + 5?
-11
What is -1 - 4 - (0 + 25 - 19)?
-11
10 - -45 - 88 - (2 - 6)
-29
Calculate -2 - (4 - (11 - -8) - 4).
17
Calculate (-21 + 19 - -40) + -19.
19
Evaluate -20 - (-44 + 50) - (0 + -4).
-22
What is 1 + -11 + -60 + 73 - -7?
10
-17 + (-4 - (-5 + (4 - (14 - 5))))
-11
What is the value of (-8 - (-8 - (9 - 16))) + (2 - 6)?
-11
What is the value of (1 + 19 - 8) + -8 - 27?
-23
Evaluate -7 + (-9 - (18 - 24)).
-10
Evaluate 13 + (-6 - (-6 + -8 + 6)).
15
(4 + -10 - (12 + -14) - -4) + 4
4
What is the value of 10 + -5 - (-6 - (-8 + 14 + -7))?
10
Calculate (2 - (4 + 6 - 2)) + 4 + -7.
-9
What is -28 + 30 - (2 + 10)?
-10
-19 - (11 - (14 + 17))
1
What is the value of 7 + (-7 - 0) + 14 + -7 + -2?
5
What is 8 + (-14 - (-17 + 6))?
5
Calculate (14 - -7) + -3 + (0 - 2 - 2).
14
Evaluate -19 + (19 - (-5 + -4)) - (-2 - -2).
9
What is 16 + 0 - (-417 - -443)?
-10
(18 + 6 - 29) + -1 + 6
0
What is 1 + -5 - 3 - (-11 + (12 - 10))?
2
Calculate -1 + 8 + -11 + (8 - (13 + -4)).
-5
-5 - ((1 - (1 - 1)) + 3 + -3)
-6
What is the value of 38 + (-69 - -3 - -24)?
-4
33 - (-12 + 41 + -14)
18
Evaluate 14 - -4 - (12 + (-4 + 4 - 10)).
16
What is -7 - (-4 + 0 + 3)?
-6
(-35 + 11 - -20) + 9
5
What is the value of -9 - (4 - -13) - -31?
5
Evaluate -1 + 4 + (4 + -2 - (17 - -7)).
-19
Calculate 8 + -12 + 6 + -1 + 5 + 11.
17
11 - ((-5 - -4) + 9 - 2)
5
What is the value of (-4 - (0 + 0)) + -1 + 6 + -1?
0
What is the value of (-27 + 27 - 28) + 60?
32
Evaluate -20 + 18 + (-3 + 2 - (1 + -6)).
2
What is the value of -7 - (11 + -17 + -5 + -3)?
7
What is 8 - (11 + -14 + (10 - -4))?
-3
What is 7 - (6 + (-5 - (-14 - -5)))?
-3
Evaluate 4 + (-16 + 28 - (-2 - (-12 - -4))).
10
Calculate 3 + (-1 - 22) + -307 + 309.
-18
4 - ((-14 - (-14 - -10)) + 1)
13
Calculate -9 + -17 + -2 + 32.
4
(10 - 20) + 44 - 43
-9
-2 + (5 - 0) - (-60 + (126 - 40))
-23
What is the value of -4 + (-35 - -48) + (-1 - 27)?
-19
Calculate -9 - (-28 - (35 + -47)).
7
Evaluate (8 - 0) + 3 + (-167 - -137).
-19
Evaluate (-3 - (1 + -6)) + -14 + 15.
3
What is 0 + 0 + (-11 - -6) + (8 - 7)?
-4
What is 10 - (-3 - -15 - (24 - 37))?
-15
What is the value of 3 - -1 - (3 - 0 - (-88 + 76))?
-11
Evaluate -13 - (-42 - (5 + -13)).
21
What is the value of -3 + -7 + 3 + 9 + -5?
-3
What is (4 - (-7 + 12)) + 2 - 0?
1
Evaluate 17 + 7 + -28 + -2 + -7.
-13
What is the value of 5 + ((3 - 4) + -9 - -4)?
-1
What is -5 + (7 - (7 + -3) - 6)?
-8
Evaluate -13 + 12 + 29 + -12 + 3.
19
(3 - (15 - 4)) + 15
7
Calculate 7 + (4 - (-4 + 15 - 5) - 13).
-8
-9 - 1 - (300 - 304)
-6
Evaluate 3 + 0 + 3 - 26.
-20
Calculate (-16 - (-3 - 35)) + -18.
4
12 - (-4 - -19) - -21
18
17 - (29 - (-19 - -16) - -1)
-16
Calculate -127 + 136 - (-2 + -4).
15
What is the value of -11 - -37 - (58 - 9)?
-23
-178 + 191 - (6 + 21 + 2)
-16
Calculate (-10 - 1) + -1 + 18 + -11 + -5.
-10
What is 10 + -10 - (-6 - 12) - 57?
-39
-14 + -12 + -2 + 15 - -12
-1
What is -16 + 14 - (5 + -9)?
2
Evaluate 0 + -1 + -1 - (2 - 2).
-2
What is -6 - (14 - 29) - 1 - (1 - -8)?
-1
Calculate -17 - (-26 + 10 - 14).
13
Evaluate (1 - (-2 - 0)) + (8 - 6 - 13).
-8
Calculate -11 + (22 + -12 - 4).
-5
-2 + (1 - (1 - -5)) + 6 + 11
10
Calculate (-52 + 31 - -20) + 36 + 6.
41
Evaluate -13 - ((7 - 9) + 19).
-30
What is the value of (-2 - (-2 - 2)) + 1 + 44 + -56?
-9
What is the value of (6 - 11) + -2 - (-17 + 27)?
-17
6 + (2 - 10) + (-13 - -23)
8
What is the value of (7 - 1) + (-12 - 0) + -2 + 2?
-6
10 + -15 + 8 + 6
9
Calculate -1 - 16 - (-109 + 117) - -1.
-24
Calculate -10 + (53 - 17 - 12).
14
Calculate 28 + -18 + (-6 - 5).
-1
Evaluate -19 + 30 - 6 - (23 + 0).
-18
What is the value of 1 - -8 - (-1 + 3 - (-60 + 60))?
7
What is -23 - (20 + -21 + 3)?
-25
Evaluate 1 - 6 - ((1 - (5 - 1)) + -1).
-1
What is (42 - 19 - 24) + -3 + 0 + 4?
0
Calculate (7 - 16) + 1 - (0 - -3).
-11
Calculate -2 + (10 - 7) + 7 + -12.
-4
Evaluate -5 - 7 - (-1 + (10 - 7 - -2)).
-16
Evaluate -4 - (-4 - 0 - -9 - -2).
-11
What is 15 - (2 + 12) - -26?
27
What is the value of -5 + 1 + -1 - ((-29 - -7) + 20)?
-3
Evaluate -13 + (0 - -3) + (14 - 52 - -29).
-19
What is the value of (0 - 1 - (-2 - -20)) + 144 + -140?
-15
-4 + -12 + (6 - (-1 + 8 - 5))
-12
What is (-2 - (1 - -25)) + (24 + -22 - -2)?
-24
17 + -1 + (-56 - -32)
-8
Evaluate 15 - (-7 - -13 - 8).
17
What is -4 + 14 + -12 - -23?
21
Calculate 11 + (17 + -33 - -41) + -4.
32
Calculate 2 + 17 + (27 + -9 - 27).
10
What is 348 + -327 + (-2 - -4 - 0)?
23
39 - (-7 + 18 + 29)
-1
What is 171 + -185 - (-27 - -2)?
11
What is -58 + -54 + 104 - (-16 + 1 - 0)?
7
What is the value of 17 - 19 - (-5 - (6 + -6)) - -22?
25
(-4 - -2 - (26 + -34)) + -2 + 6
10
What is (18 + -46 - -33) + -24?
-19
What is the value of -21 - -49 - 25 - 16?
-13
(0 - -1) + -279 + 286
8
Evaluate -5 + 3 + 12 - (-16 - -9 - -3).
14
Calculate (89 - 95) + (-1 - 0).
-7
Calculate -2 + -4 - (-5 + 5) - -5.
-1
Calculate -2 + -11 + 11 - ((-5 - -7) + 3).
-7
What is (-7 - -10) + (11 - -2 - -8)?
24
What is the value of -14 - (6 + 0 + -7) - 18?
-31
What is 0 + -8 + (-31 - -14) + 12?
-13
What is ((3 - 3) + 6 + 0 - -1) + -18?
-11
What is (4 - (3 - -3)) + -5 + -1 + 7?
-1
What is the value of -8 + 7 + 4 + (-6 - -2) + -9?
-10
What is the value of -33 + 27 + (-16 - ((-1 - -1) + 4))?
-26
Calculate (18 + -19 - (-3 + 5 + -5)) + -21.
-19
What is 0 - 33 - ((-15 - (-16 - 12)) + -22)?
-24
Evaluate (-2 + -16 + 10 - -2) + 15.
9
-9 + -1 - (-5 - (-11 + 1))
-15
(-3 - -5 - 7 - (14 - 23)) + -7
-3
Calculate -2 - (17 - (15 - 6) - 23).
13
What is the value of (6 - ((-6 - -5) + -4)) + -8?
3
What is 26 + -11 + (1 - (-15 - -13))?
18
What is (-10 - 5) + -4 + 2 - -5 - -1?
-11
Evaluate 8 - (15 + -8 + 8).
-7
(2 - (0 + -4) - (15 + -13)) + -4
0
What is the value of -12 + 18 + 5 + -8?
3
What is (4 - 1) + -10 + -1 + 12 + 1?
5
What is the value of 9 + (-28 - -17) - (-15 + 2)?
11
Calculate -235 + 236 - (1 + -15).
15
Evaluate -27 + 19 + 1 + 0 + (2 - -1).
-4
Calculate -8 + -2 + -6 + 16 + (-6 - 8).
-14
Calculate (-49 + 94 - 30) + (1 - -15).
31
What is -25 + (10 - -5) + -40 + 24?
-26
Evaluate -13 + 47 + -28 + 3 + -30.
-21
Calculate -8 + (4 - 1 - (15 + -8 + 1)).
-13
3 - -14 - (22 - 18)
13
(9 - (2 - -6) - 1) + -18 + 4
-14
Calculate (1 - 3) + 6 + 51 + (-34 - 9).
12
What is 31 + (1 + 8 - 13)?
27
Evaluate -50 + -2 + (30 - (-4 - -16)).
-34
What is the value of -29 - (-25 + 19 - -8)?
-31
Evaluate (-2 - -10) + (-17 - (-6 - 2)).
-1
What is the value of 8 + 1 + 1 - (-12 + 29 - 26)?
19
(2 + -1 - (0 - 10)) + 2679 + -2671
19
Evaluate (-77 - -41) + 44 - -27.
35
Calculate 4 + (7 - 24 - -15).
2
22 - 1 - (8 + -3 - -11 - 26)
31
Calculate -3 + 1 + 6 + 1.
5
What is the value of (-8 - (-4 + 12 + 2)) + -5?
-23
What is the value of 22 + -2 - 1 - (-1399 - -1383)?
35
Calculate 8 - (8 - (-7 - -4)) - 10.
-13
What is the value of 0 + -1 + 1 - 6 - (1887 - 1891)?
-2
What is the value of -25 + 15 + (0 - -14)?
4
Evaluate -4 + (12 - (3 + -6)).
11
What is 35 - 37 - (1 + -3 + -12 + 0)?
12
Evaluate -3 + -4 + (-9 - (-6 - 5)).
-5
What is (11 - (37 - 16)) + -2?
-12
Calculate (94 - (2 + 19)) + -38.
35
Evaluate -1 - -2 - 2 - (-48 - (-17 + -18)).
12
Evaluate 66 - 32 - 